he remainder when 1301 is divided by 1235?
66
What is the remainder when 366 is divided by 157?
52
Calculate the remainder when 788 is divided by 156.
8
What is the remainder when 16977 is divided by 15?
12
What is the remainder when 658 is divided by 627?
31
Calculate the remainder when 281566 is divided by 6121.
0
What is the remainder when 105960 is divided by 436?
12
Calculate the remainder when 77375 is divided by 868.
123
What is the remainder when 2381 is divided by 131?
23
Calculate the remainder when 7215 is divided by 168.
159
Calculate the remainder when 4981 is divided by 1246.
1243
Calculate the remainder when 49647 is divided by 116.
115
What is the remainder when 2565625 is divided by 103?
101
What is the remainder when 114907 is divided by 56?
51
Calculate the remainder when 10874 is divided by 22.
6
What is the remainder when 25906 is divided by 617?
609
What is the remainder when 52323 is divided by 65?
63
What is the remainder when 8657 is divided by 78?
77
What is the remainder when 78652 is divided by 25?
2
Calculate the remainder when 16307 is divided by 511.
466
Calculate the remainder when 2466 is divided by 198.
90
What is the remainder when 24314 is divided by 4049?
20
What is the remainder when 1151 is divided by 40?
31
Calculate the remainder when 11820 is divided by 43.
38
Calculate the remainder when 18447 is divided by 506.
231
What is the remainder when 134522 is divided by 1051?
1045
Calculate the remainder when 13802 is divided by 105.
47
What is the remainder when 9896 is divided by 9890?
6
Calculate the remainder when 186641 is divided by 93315.
11
What is the remainder when 189058 is divided by 137?
135
What is the remainder when 6433 is divided by 3170?
93
Calculate the remainder when 455396 is divided by 39.
32
What is the remainder when 2770 is divided by 923?
1
What is the remainder when 5053 is divided by 2518?
17
What is the remainder when 270190 is divided by 90060?
10
What is the remainder when 11988 is divided by 670?
598
What is the remainder when 147764 is divided by 376?
372
What is the remainder when 793230 is divided by 26?
22
What is the remainder when 5005 is divided by 712?
21
What is the remainder when 5002 is divided by 278?
276
What is the remainder when 3678 is divided by 466?
416
Calculate the remainder when 13028 is divided by 23.
10
Calculate the remainder when 466 is divided by 146.
28
What is the remainder when 839 is divided by 826?
13
Calculate the remainder when 6358 is divided by 130.
118
Calculate the remainder when 51596 is divided by 141.
131
What is the remainder when 903 is divided by 683?
220
What is the remainder when 20015 is divided by 408?
23
Calculate the remainder when 42993 is divided by 344.
337
Calculate the remainder when 25646 is divided by 25554.
92
Calculate the remainder when 140060 is divided by 187.
184
What is the remainder when 1080286 is divided by 496?
494
Calculate the remainder when 8199449 is divided by 225.
224
Calculate the remainder when 36504 is divided by 4.
0
What is the remainder when 70392 is divided by 61?
59
What is the remainder when 28243 is divided by 88?
83
What is the remainder when 4649 is divided by 1310?
719
What is the remainder when 13635 is divided by 314?
133
Calculate the remainder when 2140 is divided by 899.
342
What is the remainder when 280782 is divided by 117?
99
Calculate the remainder when 22688 is divided by 22683.
5
Calculate the remainder when 18482 is divided by 215.
207
Calculate the remainder when 414747 is divided by 41.
32
Calculate the remainder when 3407 is divided by 90.
77
What is the remainder when 12863 is divided by 6428?
7
What is the remainder when 11034 is divided by 195?
114
Calculate the remainder when 22309 is divided by 3163.
168
Calculate the remainder when 17765 is divided by 469.
412
Calculate the remainder when 6281 is divided by 313.
21
What is the remainder when 154 is divided by 111?
43
What is the remainder when 12916 is divided by 154?
134
Calculate the remainder when 1843 is divided by 1681.
162
Calculate the remainder when 86470 is divided by 8644.
30
What is the remainder when 1539 is divided by 499?
42
What is the remainder when 118383 is divided by 117?
96
What is the remainder when 43590 is divided by 490?
470
Calculate the remainder when 9608 is divided by 1341.
221
Calculate the remainder when 86145 is divided by 555.
120
Calculate the remainder when 2626 is divided by 206.
154
Calculate the remainder when 41804 is divided by 32.
12
Calculate the remainder when 692 is divided by 499.
193
Calculate the remainder when 17365 is divided by 13.
10
What is the remainder when 121 is divided by 36?
13
What is the remainder when 9510 is divided by 151?
148
What is the remainder when 44226 is divided by 268?
6
What is the remainder when 1772 is divided by 239?
99
What is the remainder when 6716 is divided by 420?
416
What is the remainder when 26154 is divided by 245?
184
Calculate the remainder when 20932 is divided by 252.
16
What is the remainder when 871 is divided by 47?
25
Calculate the remainder when 8817 is divided by 20.
17
What is the remainder when 2870 is divided by 357?
14
Calculate the remainder when 104290 is divided by 9.
7
Calculate the remainder when 11660 is divided by 14.
12
Calculate the remainder when 60036 is divided by 395.
391
What is the remainder when 796 is divided by 70?
26
What is the remainder when 5519 is divided by 317?
130
Calculate the remainder when 7733 is divided by 2572.
17
Calculate the remainder when 1966467 is divided by 331.
327
Calculate the remainder when 896087 is divided by 65.
62
What is the remainder when 15211 is divided by 160?
11
Calculate the remainder when 5181 is divided by 36.
33
What is the remainder when 79077 is divided by 12?
9
What is the remainder when 237220 is divided by 9?
7
What is the remainder when 1903 is divided by 989?
914
What is the remainder when 3881 is divided by 397?
308
Calculate the remainder when 2498802 is divided by 139.
138
Calculate the remainder when 1206 is divided by 210.
156
What is the remainder when 352067 is divided by 74?
49
What is the remainder when 9704 is divided by 4850?
4
Calculate the remainder when 129730 is divided by 821.
12
What is the remainder when 33296 is divided by 10?
6
What is the remainder when 4010 is divided by 55?
50
What is the remainder when 75625 is divided by 37750?
125
What is the remainder when 360965 is divided by 542?
535
What is the remainder when 507672 is divided by 751?
747
Calculate the remainder when 8196 is divided by 13.
6
What is the remainder when 19804 is divided by 582?
16
What is the remainder when 5376 is divided by 1792?
0
What is the remainder when 147017 is divided by 107?
106
Calculate the remainder when 29405 is divided by 226.
25
What is the remainder when 22913 is divided by 3273?
2
Calculate the remainder when 59033 is divided by 133.
114
Calculate the remainder when 3703 is divided by 247.
245
What is the remainder when 4556 is divided by 36?
20
What is the remainder when 3377 is divided by 780?
257
What is the remainder when 6841 is divided by 148?
33
What is the remainder when 30845 is divided by 76?
65
What is the remainder when 27091 is divided by 5410?
41
Calculate the remainder when 75339 is divided by 25.
14
What is the remainder when 4302 is divided by 748?
562
Calculate the remainder when 152079 is divided by 76039.
1
Calculate the remainder when 60091 is divided by 626.
621
What is the remainder when 3089 is divided by 341?
20
Calculate the remainder when 2980062 is divided by 2367.
9
What is the remainder when 174 is divided by 36?
30
What is the remainder when 5570 is divided by 2753?
64
Calculate the remainder when 538947 is divided by 17.
13
What is the remainder when 3517796 is divided by 1804?
1800
Calculate the remainder when 1844 is divided by 1840.
4
Calculate the remainder when 158705 is divided by 6.
5
Calculate the remainder when 30057 is divided by 160.
137
What is the remainder when 9703 is divided by 358?
37
Calculate the remainder when 29845 is divided by 9936.
37
Calculate the remainder when 150553 is divided by 7.
4
Calculate the remainder when 69206 is divided by 13841.
1
Calculate the remainder when 10554 is divid